{"id":11,"date":"2019-01-11T09:46:14","date_gmt":"2019-01-11T08:46:14","guid":{"rendered":"http:\/\/die-benserobber.de.w018fe11.kasserver.com\/?page_id=11"},"modified":"2026-03-02T14:15:49","modified_gmt":"2026-03-02T13:15:49","slug":"startseite","status":"publish","type":"page","link":"https:\/\/die-benserobber.de\/index.php\/","title":{"rendered":"Startseite"},"content":{"rendered":"<p><div class=\"fusion-fullwidth fullwidth-box fusion-builder-row-1 fusion-flex-container has-pattern-background has-mask-background nonhundred-percent-fullwidth non-hundred-percent-height-scrolling\" style=\"background-color: rgba(255,255,255,0);background-position: center center;background-repeat: no-repeat;border-width: 0px 0px 0px 0px;border-color:#eae9e9;border-style:solid;\" ><div class=\"fusion-builder-row fusion-row fusion-flex-align-items-flex-start\" style=\"max-width:1352px;margin-left: calc(-4% \/ 2 );margin-right: calc(-4% \/ 2 );\"><div class=\"fusion-layout-column fusion_builder_column fusion-builder-column-0 fusion_builder_column_1_1 1_1 fusion-flex-column\"><div class=\"fusion-column-wrapper fusion-flex-justify-content-flex-start fusion-content-layout-column\" style=\"background-position:left top;background-repeat:no-repeat;-webkit-background-size:cover;-moz-background-size:cover;-o-background-size:cover;background-size:cover;padding: 0px 0px 0px 0px;\"><div class=\"fusion-text fusion-text-1\"><h2 style=\"text-align: center;\">Spenden\u00fcbergabe an das Kinderhospiz &#8222;Sterntaler&#8220;<\/h2>\n<\/div><div class=\"fusion-text fusion-text-2\"><p>Am Freitag den 13.02. waren die beiden Vorsitzenden des KVH und unser 38.Benserobber<br \/>\nOlly mit einer kleinen Abordnung beim Kinderhospiz \u201eSterntaler\u201c in Dudenhofen. Dieses<br \/>\nJahr ergab sich zudem eine kleine Besonderheit. Denn mit dabei war auch unser 37.<br \/>\nBenserobber Andr\u00e9 der die Spende aus seinem weihnachtlichen Hoffest \u00fcbergab.<br \/>\nEmpfangen wurde die Gruppe vor Ort von Frau Beate D\u00e4uwel, die im Hospiz f\u00fcr die<br \/>\n\u00d6ffentlichkeitsarbeit zust\u00e4ndig ist. Sie erkl\u00e4rte zu Beginn einiges \u00fcber das Haus, \u00fcber die<br \/>\nHistorie und \u00fcber die Betreuungsm\u00f6glichkeiten f\u00fcr die betroffenen Familien und Kinder.<br \/>\nDie Benserobber spendeten in diesem Jahr 1.111\u20ac, resultierend aus dem n\u00e4rrischen<br \/>\nGottesdienst sowie zus\u00e4tzlich 5.555\u20ac aus Ex-Bensi Andr\u00e9\u00b4s Hoffest. Bei der \u00dcbergabe der<br \/>\nSpendenschecks bedankte sich Frau D\u00e4uwel von ganzem Herzen und machte nochmal<br \/>\ndeutlich, dass Ihr Haus nur durch solche Spenden \u00fcberhaupt \u00fcberleben kann und auch darauf<br \/>\nangewiesen ist. Mit Sicherheit wird der KVH auch in den n\u00e4chsten Jahren die \u201eSterntaler\u201c<br \/>\nweiterhin unterst\u00fctzen.<br \/>\nAlle aus der Gruppe waren nach dem Besuch sehr ergriffen von den Bildern und Erz\u00e4hlungen<br \/>\nvor Ort und man wurde hier mal wieder f\u00fcr einige Momente w\u00e4hrend der n\u00e4rrischen Tage auf<br \/>\nden Boden der Tatsachen zur\u00fcckgeholt und zum Nachdenken gebracht. Auf diesem Wege<br \/>\nergeht nun ein gro\u00dfes Dankesch\u00f6n an alle, die dieses Jahr unseren n\u00e4rrischen Gottesdienst<br \/>\nsowie das Hoffest besucht haben und mit ihrer kleine Spende gro\u00dfes bewirken.<br \/>\nDie Vorstandschaft des KVH bedankt sich. Und solltet Ihr nun motiviert sein beim KVH, egal<br \/>\nin welcher Form, mitzuwirken, so scheut euch nicht und sprecht uns bitte einfach an.<br \/>\nIhr werdet sehen, Vereinsarbeit macht Spa\u00df!<br \/>\n1. Vorsitzende Tanja Reddmann, 01512-4229711.<br \/>\n2. Vorsitzender Alexander Fischer, Tel: 0177-3427831;<\/p>\n<\/div><div ><span class=\" fusion-imageframe imageframe-none imageframe-1 hover-type-none\"><img decoding=\"async\" width=\"1024\" height=\"683\" title=\"Spenden\u00fcbergabe_2026\" src=\"https:\/\/die-benserobber.de\/wp-content\/uploads\/2026\/03\/Spendenuebergabe_2026-1024x683.jpg\" alt class=\"img-responsive wp-image-2296\" srcset=\"https:\/\/die-benserobber.de\/wp-content\/uploads\/2026\/03\/Spendenuebergabe_2026-200x133.jpg 200w, https:\/\/die-benserobber.de\/wp-content\/uploads\/2026\/03\/Spendenuebergabe_2026-400x267.jpg 400w, https:\/\/die-benserobber.de\/wp-content\/uploads\/2026\/03\/Spendenuebergabe_2026-600x400.jpg 600w, https:\/\/die-benserobber.de\/wp-content\/uploads\/2026\/03\/Spendenuebergabe_2026-800x533.jpg 800w, https:\/\/die-benserobber.de\/wp-content\/uploads\/2026\/03\/Spendenuebergabe_2026-1200x800.jpg 1200w\" sizes=\"(max-width: 1024px) 100vw, (max-width: 640px) 100vw, 1024px\" \/><\/span><\/div><\/div><style type=\"text\/css\">.fusion-body .fusion-builder-column-0{width:100% !important;margin-top : 0px;margin-bottom : 20px;}.fusion-builder-column-0 > .fusion-column-wrapper {padding-top : 0px !important;padding-right : 0px !important;margin-right : 1.92%;padding-bottom : 0px !important;padding-left : 0px !important;margin-left : 1.92%;}@media only screen and (max-width:1024px) {.fusion-body .fusion-builder-column-0{width:100% !important;order : 0;}.fusion-builder-column-0 > .fusion-column-wrapper {margin-right : 1.92%;margin-left : 1.92%;}}@media only screen and (max-width:640px) {.fusion-body .fusion-builder-column-0{width:100% !important;order : 0;}.fusion-builder-column-0 > .fusion-column-wrapper {margin-right : 1.92%;margin-left : 1.92%;}}<\/style><\/div><\/div><style type=\"text\/css\">.fusion-body .fusion-flex-container.fusion-builder-row-1{ padding-top : 0px;margin-top : 0px;padding-right : 0px;padding-bottom : 0px;margin-bottom : 0px;padding-left : 0px;}<\/style><\/div><div class=\"fusion-fullwidth fullwidth-box fusion-builder-row-2 nonhundred-percent-fullwidth non-hundred-percent-height-scrolling\" style=\"background-color: rgba(255,255,255,0);background-position: center center;background-repeat: no-repeat;padding-top:0px;padding-right:0px;padding-bottom:0px;padding-left:0px;margin-bottom: 0px;margin-top: 0px;border-width: 0px 0px 0px 0px;border-color:#eae9e9;border-style:solid;\" ><div class=\"fusion-builder-row fusion-row\"><div class=\"fusion-layout-column fusion_builder_column fusion-builder-column-1 fusion_builder_column_1_2 1_2 fusion-one-half fusion-column-first\" style=\"width:50%;width:calc(50% - ( ( 4% ) * 0.5 ) );margin-right: 4%;margin-top:0px;margin-bottom:20px;\"><div class=\"fusion-column-wrapper fusion-flex-column-wrapper-legacy\" style=\"background-position:left top;background-repeat:no-repeat;-webkit-background-size:cover;-moz-background-size:cover;-o-background-size:cover;background-size:cover;padding: 0px 0px 0px 0px;\"><div class=\"imageframe-align-center\"><span class=\" fusion-imageframe imageframe-none imageframe-2 hover-type-none\"><a href=\"https:\/\/die-benserobber.de\/wp-content\/uploads\/2026\/01\/PHOTO-2026-01-05-17-57-39.jpg\" class=\"fusion-lightbox\" data-rel=\"iLightbox[7d22e65f1ca1f811e70]\" data-title=\"PHOTO-2026-01-05-17-57-39\" title=\"PHOTO-2026-01-05-17-57-39\"><img decoding=\"async\" width=\"150\" height=\"150\" src=\"https:\/\/die-benserobber.de\/wp-content\/uploads\/2026\/01\/PHOTO-2026-01-05-17-57-39-150x150.jpg\" alt class=\"img-responsive wp-image-2289\" srcset=\"https:\/\/die-benserobber.de\/wp-content\/uploads\/2026\/01\/PHOTO-2026-01-05-17-57-39-66x66.jpg 66w, https:\/\/die-benserobber.de\/wp-content\/uploads\/2026\/01\/PHOTO-2026-01-05-17-57-39-150x150.jpg 150w\" sizes=\"(max-width: 150px) 100vw, 150px\" \/><\/a><\/span><\/div><div class=\"fusion-text fusion-text-3\"><p style=\"text-align: center;\">2026 &#8211; Olly, der XXXVIII.<\/p>\n<\/div><div class=\"fusion-clearfix\"><\/div><\/div><\/div><div class=\"fusion-layout-column fusion_builder_column fusion-builder-column-2 fusion_builder_column_1_2 1_2 fusion-one-half fusion-column-last\" style=\"width:50%;width:calc(50% - ( ( 4% ) * 0.5 ) );margin-top:0px;margin-bottom:20px;\"><div class=\"fusion-column-wrapper fusion-flex-column-wrapper-legacy\" style=\"background-position:left top;background-repeat:no-repeat;-webkit-background-size:cover;-moz-background-size:cover;-o-background-size:cover;background-size:cover;padding: 0px 0px 0px 0px;\"><div class=\"fusion-text fusion-text-4\"><h4 class=\"portrait-title\">XXXVIII. Bensi<\/h4>\n<div class=\"portrait-text\">\n<p>Olly, der 38. Benserobber,<\/p>\n<p>K\u00e4lteresistenter, jedem Wetter strotzender Spross aus dem Badener Edelhaus, der zu Renate Hedwig Marta und Detlef Schmidt.<br \/>\nFr\u00fcher Zuwanderer, und damit anerkannter Pf\u00e4lzer mit badischem Migrationshintergrund.<br \/>\nProduktionsplanender Baron mit industriechemischer Meisterlegitimation der transformativen K\u00fcnste der Benzinkunstschmiede derer zu MIRO.<br \/>\nSeit vielen Jahren traumhaft turnender Trainer der Turnergilde zu Taberna Rheinzabern.<br \/>\nErforscher der unterseeischen Gefilde,<br \/>\nFreund aller Fischbest\u00e4nde, Krebse und sonstigen Getiers der S\u00fc\u00df- und Salz-Unterwasserwelt,<br \/>\nGl\u00fccklich verehelicht mit der Hamburger Adelsdame Susanne derer zu Nauke, stolzer Vater der Garde- und Showt\u00e4nzerin Ciara und seinem Kronprinz Sky.<\/p>\n<\/div>\n<\/div><div class=\"fusion-clearfix\"><\/div><\/div><\/div><\/div><\/div><div class=\"fusion-fullwidth fullwidth-box fusion-builder-row-3 fusion-flex-container has-pattern-background has-mask-background nonhundred-percent-fullwidth non-hundred-percent-height-scrolling\" style=\"background-color: rgba(255,255,255,0);background-position: center center;background-repeat: no-repeat;border-width: 0px 0px 0px 0px;border-color:#eae9e9;border-style:solid;\" ><div class=\"fusion-builder-row fusion-row fusion-flex-align-items-flex-start\" style=\"max-width:1352px;margin-left: calc(-4% \/ 2 );margin-right: calc(-4% \/ 2 );\"><div class=\"fusion-layout-column fusion_builder_column fusion-builder-column-3 fusion_builder_column_1_1 1_1 fusion-flex-column\"><div class=\"fusion-column-wrapper fusion-flex-justify-content-flex-start fusion-content-layout-column\" style=\"background-position:left top;background-repeat:no-repeat;-webkit-background-size:cover;-moz-background-size:cover;-o-background-size:cover;background-size:cover;padding: 0px 0px 0px 0px;\"><div class=\"fusion-text fusion-text-5\"><p><img decoding=\"async\" class=\"alignnone size-full wp-image-2287\" src=\"https:\/\/die-benserobber.de\/wp-content\/uploads\/2026\/01\/Plakat_Termine_2026.jpeg\" alt=\"\" width=\"1003\" height=\"1403\" srcset=\"https:\/\/die-benserobber.de\/wp-content\/uploads\/2026\/01\/Plakat_Termine_2026-200x280.jpeg 200w, https:\/\/die-benserobber.de\/wp-content\/uploads\/2026\/01\/Plakat_Termine_2026-214x300.jpeg 214w, https:\/\/die-benserobber.de\/wp-content\/uploads\/2026\/01\/Plakat_Termine_2026-400x560.jpeg 400w, https:\/\/die-benserobber.de\/wp-content\/uploads\/2026\/01\/Plakat_Termine_2026-600x839.jpeg 600w, https:\/\/die-benserobber.de\/wp-content\/uploads\/2026\/01\/Plakat_Termine_2026-732x1024.jpeg 732w, https:\/\/die-benserobber.de\/wp-content\/uploads\/2026\/01\/Plakat_Termine_2026-768x1074.jpeg 768w, https:\/\/die-benserobber.de\/wp-content\/uploads\/2026\/01\/Plakat_Termine_2026-800x1119.jpeg 800w, https:\/\/die-benserobber.de\/wp-content\/uploads\/2026\/01\/Plakat_Termine_2026.jpeg 1003w\" sizes=\"(max-width: 1003px) 100vw, 1003px\" \/><\/p>\n<\/div><div ><span class=\" fusion-imageframe imageframe-none imageframe-3 hover-type-none\"><img decoding=\"async\" width=\"1080\" height=\"1350\" title=\"Fraunesitzung_Flyer_11-2025\" src=\"https:\/\/die-benserobber.de\/wp-content\/uploads\/2025\/11\/Fraunesitzung_Flyer_11-2025.jpg\" alt class=\"img-responsive wp-image-2273\" srcset=\"https:\/\/die-benserobber.de\/wp-content\/uploads\/2025\/11\/Fraunesitzung_Flyer_11-2025-200x250.jpg 200w, https:\/\/die-benserobber.de\/wp-content\/uploads\/2025\/11\/Fraunesitzung_Flyer_11-2025-400x500.jpg 400w, https:\/\/die-benserobber.de\/wp-content\/uploads\/2025\/11\/Fraunesitzung_Flyer_11-2025-600x750.jpg 600w, https:\/\/die-benserobber.de\/wp-content\/uploads\/2025\/11\/Fraunesitzung_Flyer_11-2025-800x1000.jpg 800w, https:\/\/die-benserobber.de\/wp-content\/uploads\/2025\/11\/Fraunesitzung_Flyer_11-2025.jpg 1080w\" sizes=\"(max-width: 1024px) 100vw, (max-width: 640px) 100vw, 1080px\" \/><\/span><\/div><div class=\"fusion-video fusion-selfhosted-video\" style=\"max-width:100%;\"><div class=\"video-wrapper\"><video playsinline=\"true\" width=\"100%\" style=\"object-fit: cover;\" autoplay=\"true\" muted=\"true\" loop=\"true\" preload=\"auto\" controls=\"1\"><source src=\"https:\/\/die-benserobber.de\/wp-content\/uploads\/2025\/11\/Frauensitzung_Werbung-2025-11-11-11-12-34.mp4\" type=\"video\/mp4\">Sorry, your browser doesn&#039;t support embedded videos.<\/video><\/div><\/div><\/div><style type=\"text\/css\">.fusion-body .fusion-builder-column-3{width:100% !important;margin-top : 0px;margin-bottom : 20px;}.fusion-builder-column-3 > .fusion-column-wrapper {padding-top : 0px !important;padding-right : 0px !important;margin-right : 1.92%;padding-bottom : 0px !important;padding-left : 0px !important;margin-left : 1.92%;}@media only screen and (max-width:1024px) {.fusion-body .fusion-builder-column-3{width:100% !important;order : 0;}.fusion-builder-column-3 > .fusion-column-wrapper {margin-right : 1.92%;margin-left : 1.92%;}}@media only screen and (max-width:640px) {.fusion-body .fusion-builder-column-3{width:100% !important;order : 0;}.fusion-builder-column-3 > .fusion-column-wrapper {margin-right : 1.92%;margin-left : 1.92%;}}<\/style><\/div><\/div><style type=\"text\/css\">.fusion-body .fusion-flex-container.fusion-builder-row-3{ padding-top : 0px;margin-top : 0px;padding-right : 0px;padding-bottom : 0px;margin-bottom : 0px;padding-left : 0px;}<\/style><\/div><div class=\"fusion-fullwidth fullwidth-box fusion-builder-row-4 nonhundred-percent-fullwidth non-hundred-percent-height-scrolling\" style=\"background-color: rgba(255,255,255,0);background-position: center center;background-repeat: no-repeat;padding-top:0px;padding-right:0px;padding-bottom:0px;padding-left:0px;margin-bottom: 0px;margin-top: 0px;border-width: 0px 0px 0px 0px;border-color:#eae9e9;border-style:solid;\" ><div class=\"fusion-builder-row fusion-row\"><div class=\"fusion-layout-column fusion_builder_column fusion-builder-column-4 fusion_builder_column_1_1 1_1 fusion-one-full fusion-column-first fusion-column-last\" style=\"margin-top:0px;margin-bottom:20px;\"><div class=\"fusion-column-wrapper fusion-flex-column-wrapper-legacy\" style=\"background-position:left top;background-repeat:no-repeat;-webkit-background-size:cover;-moz-background-size:cover;-o-background-size:cover;background-size:cover;padding: 0px 0px 0px 0px;\"><div class=\"fusion-text fusion-text-6\"><p><strong>________________________________________________________________________<\/strong><\/p>\n<\/div><div class=\"fusion-text fusion-text-7\"><h2>Wir Ihr vieleicht wisst, wurde beim SWR ein Beitrag ausgestrahlt in dem es um die Gartenstra\u00dfe aus unserem sch\u00f6nen Klosterdorf H\u00f6rdt geht.<\/h2>\n<h2>Da unser n\u00e4rrische Oberhaupt Andr\u00e9 der 37. Benserobber in der Gartenstra\u00dfe wohnhaft ist, war auch er Teil des Berichtes.<\/h2>\n<h2>Schaut\u00b4s euch an und viel Spa\u00df dabei.<\/h2>\n<h2><a href=\"https:\/\/www.swr.de\/video\/sendungen-a-z\/landesschau-rp\/hierzuland\/hoerdt-gartenstrasse-102.html\">https:\/\/www.swr.de\/video\/sendungen-a-z\/landesschau-rp\/hierzuland\/hoerdt-gartenstrasse-102.html<\/a><\/h2>\n<\/div><div class=\"fusion-text fusion-text-8\"><p><iframe src=\"https:\/\/www.swr.de\/~embed\/video\/sendungen-a-z\/landesschau-rp\/hierzuland\/hoerdt-gartenstrasse-102.html?\" width=\"640\" height=\"360\" frameborder=\"0\" allowfullscreen=\"allowfullscreen\"><span style=\"display: inline-block; width: 0px; overflow: hidden; line-height: 0;\" data-mce-type=\"bookmark\" class=\"mce_SELRES_start\">\ufeff<\/span><\/iframe><\/p>\n<\/div><div class=\"fusion-clearfix\"><\/div><\/div><\/div><\/div><\/div><\/p>\n","protected":false},"excerpt":{"rendered":"","protected":false},"author":1,"featured_media":0,"parent":0,"menu_order":0,"comment_status":"closed","ping_status":"closed","template":"","meta":{"footnotes":""},"class_list":["post-11","page","type-page","status-publish","hentry"],"_links":{"self":[{"href":"https:\/\/die-benserobber.de\/index.php\/wp-json\/wp\/v2\/pages\/11","targetHints":{"allow":["GET"]}}],"collection":[{"href":"https:\/\/die-benserobber.de\/index.php\/wp-json\/wp\/v2\/pages"}],"about":[{"href":"https:\/\/die-benserobber.de\/index.php\/wp-json\/wp\/v2\/types\/page"}],"author":[{"embeddable":true,"href":"https:\/\/die-benserobber.de\/index.php\/wp-json\/wp\/v2\/users\/1"}],"replies":[{"embeddable":true,"href":"https:\/\/die-benserobber.de\/index.php\/wp-json\/wp\/v2\/comments?post=11"}],"version-history":[{"count":11,"href":"https:\/\/die-benserobber.de\/index.php\/wp-json\/wp\/v2\/pages\/11\/revisions"}],"predecessor-version":[{"id":2302,"href":"https:\/\/die-benserobber.de\/index.php\/wp-json\/wp\/v2\/pages\/11\/revisions\/2302"}],"wp:attachment":[{"href":"https:\/\/die-benserobber.de\/index.php\/wp-json\/wp\/v2\/media?parent=11"}],"curies":[{"name":"wp","href":"https:\/\/api.w.org\/{rel}","templated":true}]}}